ed thousands digit of 67855859?
8
What is the hundred thousands digit of 105101704?
1
What is the ten thousands digit of 34486078?
8
What is the units digit of 8212858320?
0
What is the ten millions digit of 1502282572?
0
What is the hundred millions digit of 571602208?
5
What is the hundred thousands digit of 160640159?
6
What is the tens digit of 4092504725?
2
What is the ten thousands digit of 646866270?
6
What is the hundred thousands digit of 184798270?
7
What is the thousands digit of 16420985?
0
What is the hundreds digit of 4545737?
7
What is the thousands digit of 42580477?
0
What is the ten thousands digit of 318511526?
1
What is the hundred thousands digit of 279015432?
0
What is the hundred thousands digit of 2392409175?
4
What is the hundreds digit of 71429038?
0
What is the millions digit of 40161494?
0
What is the millions digit of 520983351?
0
What is the tens digit of 151672312?
1
What is the ten millions digit of 149981916?
4
What is the hundreds digit of 879826341?
3
What is the hundred thousands digit of 2830013967?
0
What is the hundred millions digit of 564611403?
5
What is the thousands digit of 21153700?
3
What is the thousands digit of 248246353?
6
What is the hundreds digit of 783256196?
1
What is the millions digit of 384192059?
4
What is the millions digit of 7098056259?
8
What is the tens digit of 1551575970?
7
What is the ten thousands digit of 37618095?
1
What is the hundreds digit of 1963355042?
0
What is the hundred thousands digit of 477350881?
3
What is the tens digit of 3960364193?
9
What is the billions digit of 2928824982?
2
What is the ten thousands digit of 1981600450?
0
What is the hundred thousands digit of 2435492515?
4
What is the units digit of 63006374?
4
What is the hundred thousands digit of 75265094?
2
What is the hundreds digit of 380841722?
7
What is the tens digit of 44647429?
2
What is the ten millions digit of 32541746?
3
What is the hundred thousands digit of 16980967?
9
What is the ten thousands digit of 24936488?
3
What is the tens digit of 397739203?
0
What is the billions digit of 1419768551?
1
What is the hundreds digit of 1927658447?
4
What is the tens digit of 1944531010?
1
What is the thousands digit of 80617778?
7
What is the millions digit of 56220896?
6
What is the ten thousands digit of 78767304?
6
What is the millions digit of 381808134?
1
What is the thousands digit of 2647257497?
7
What is the thousands digit of 105206315?
6
What is the tens digit of 2545374979?
7
What is the ten thousands digit of 171801867?
0
What is the ten thousands digit of 1865311085?
1
What is the tens digit of 1593227320?
2
What is the ten thousands digit of 1155796788?
9
What is the thousands digit of 1380484240?
4
What is the ten thousands digit of 314145629?
4
What is the hundreds digit of 902315100?
1
What is the units digit of 1584544027?
7
What is the hundreds digit of 48165414?
4
What is the thousands digit of 2081401?
1
What is the tens digit of 534778538?
3
What is the hundreds digit of 27290040?
0
What is the thousands digit of 4184415397?
5
What is the hundreds digit of 180564057?
0
What is the units digit of 2120380855?
5
What is the units digit of 48335940?
0
What is the thousands digit of 133614569?
4
What is the units digit of 78950946?
6
What is the hundred millions digit of 519683373?
5
What is the units digit of 46430912?
2
What is the ten millions digit of 35958072?
3
What is the hundred millions digit of 3288085136?
2
What is the units digit of 89101708?
8
What is the millions digit of 1969364555?
9
What is the hundreds digit of 2654758484?
4
What is the tens digit of 308792892?
9
What is the tens digit of 411362200?
0
What is the hundred thousands digit of 677835551?
8
What is the thousands digit of 553908528?
8
What is the ten thousands digit of 110858396?
5
What is the thousands digit of 282583326?
3
What is the hundred thousands digit of 67692859?
6
What is the hundreds digit of 1127904116?
1
What is the thousands digit of 265163473?
3
What is the thousands digit of 109443751?
3
What is the hundreds digit of 174537561?
5
What is the millions digit of 1097316343?
7
What is the tens digit of 664669802?
0
What is the billions digit of 4931524476?
4
What is the hundreds digit of 76140225?
2
What is the units digit of 26016197?
7
What is the hundred thousands digit of 994016558?
0
What is the ten millions digit of 60280205?
6
What is the hundred millions digit of 681625012?
6
What is the tens digit of 136663288?
8
What is the billions digit of 1286059743?
1
What is the units digit of 29544347?
7
What is the thousands digit of 1399425922?
5
What is the thousands digit of 830626243?
6
What is the tens digit of 167032466?
6
What is the millions digit of 3454864675?
4
What is the hundred millions digit of 2270268193?
2
What is the billions digit of 3451868429?
3
What is the units digit of 43677957?
7
What is the hundred millions digit of 4629064828?
6
What is the thousands digit of 51494256?
4
What is the units digit of 2459592388?
8
What is the tens digit of 169161019?
1
What is the hundred millions digit of 494513053?
4
What is the tens digit of 95957060?
6
What is the ten thousands digit of 106637833?
3
What is the thousands digit of 60690232?
0
What is the thousands digit of 916833624?
3
What is the millions digit of 69487182?
9
What is the ten thousands digit of 30371739?
7
What is the thousands digit of 32420847?
0
What is the ten thousands digit of 153419384?
1
What is the thousands digit of 3159985813?
5
What is the ten thousands digit of 135669498?
6
What is the hundred thousands digit of 413199615?
1
What is the millions digit of 20289022?
0
What is the tens digit of 225723396?
9
What is the tens digit of 1150628782?
8
What is the tens digit of 3241669372?
7
What is the hundreds digit of 32534421?
4
What is the millions digit of 87094978?
7
What is the units digit of 834528460?
0
What is the ten thousands digit of 174066594?
6
What is the units digit of 157501490?
0
What is the tens digit of 6719273594?
9
What is the hundred thousands digit of 133823893?
8
What is the hundreds digit of 3062412403?
4
What is the thousands digit of 38709958?
9
What is the thousands digit of 1932280229?
0
What is the units digit of 1120449886?
6
What is the units digit of 1175365750?
0
What is the hundreds digit of 53653000?
0
What is the tens digit of 301247704?
0
What is the ten thousands digit of 1263733098?
3
What is the tens digit of 4978230295?
9
What is the hundreds digit of 74476265?
2
What is the hundred thousands digit of 36806504?
8
What is the billions digit of 1390149942?
1
What is the tens digit of 140164051?
5
What is the thousands digit of 1020849439?
9
What is the hundred thousands digit of 727861907?
8
What is the hundred thousands digit of 2068895799?
8
What is the thousands digit of 389698605?
8
What is the tens digit of 89094477?
7
What is the millions digit of 86740851?
6
What is the hundred millions digit of 1417308971?
4
What is the hundred millions digit of 642073891?
6
What is the hundred thousands digit of 2283067555?
0
What is the hundred thousands digit of 418394127?
3
What is the billions digit of 1240182943?
1
What is the units digit of 1365398552?
2
What is the thousands digit of 182368963?
8
What is the millions digit of 6598180677?
8
What is the hundred thousands digit of 132527411?
5
What is the millions digit of 1418236929?
8
What is the hundred millions digit of 268629854?
2
What is the hundred thousands digit of 1132491019?
4
What is the ten millions digit of 298301411?
9
What is the ten thousands digit of 273648634?
4
What is the ten millions digit of 657179414?
5
What is the ten thousands digit of 27696123?
9
What is the hundred millions digit of 1260166230?
2
What is the millions digit of 753115305?
3
What is the hundreds digit of 29961115?
1
What is the tens digit of 104040538?
3
What is the hundred thousands digit of 745611018?
6
What is the ten millions digit of 3514464009?
1
What is the hundred thousands digit of 513426934?
4
What is the units digit of 129357437?
7
What is the ten millions digit of 41345971?
4
What is the ten thousands digit of 1805236088?
3
What is the millions digit of 37932015?
7
What is the tens digit of 98714722?
2
What is t